
Is 151 a factor of 78822?
True
Is 22 a factor of 1279894?
True
Does 356 divide 3965413?
False
Is 9166435 a multiple of 1205?
True
Does 441 divide 48134?
False
Is 168 a factor of 81721?
False
Is 7 a factor of 1391313?
True
Does 12 divide 561029?
False
Is 190 a factor of 389237?
False
Is 627900 a multiple of 345?
True
Is 36 a factor of 6321420?
True
Is 1604778 a multiple of 399?
True
Is 17 a factor of 803145?
False
Does 108 divide 69876?
True
Is 9223915 a multiple of 90?
False
Is 219592 a multiple of 52?
False
Is 267569 a multiple of 2?
False
Is 748 a factor of 1216248?
True
Is 59 a factor of 480775?
False
Is 456 a factor of 830956?
False
Is 93983 a multiple of 337?
False
Is 15520 a multiple of 16?
True
Does 265 divide 5246345?
False
Is 44 a factor of 195624?
True
Is 10 a factor of 6891102?
False
Does 354 divide 381258?
True
Is 427 a factor of 183824?
False
Is 9 a factor of 271798?
False
Is 10248832 a multiple of 251?
True
Is 2169035 a multiple of 59?
False
Does 5 divide 753097?
False
Does 144 divide 1794708?
False
Does 25 divide 51163?
False
Is 4904050 a multiple of 1155?
False
Does 11 divide 1954777?
True
Is 214144 a multiple of 32?
True
Does 38 divide 174078?
True
Is 4034313 a multiple of 13?
False
Is 13 a factor of 400371?
False
Is 6 a factor of 1530239?
False
Does 214 divide 281410?
True
Does 280 divide 1863680?
True
Does 41 divide 121114?
True
Is 3915138 a multiple of 20?
False
Is 3927434 a multiple of 396?
False
Is 619099 a multiple of 13?
True
Is 763591 a multiple of 285?
False
Is 947 a factor of 833370?
False
Does 183 divide 3338380?
False
Is 32 a factor of 137193?
False
Is 397 a factor of 1475844?
False
Does 129 divide 58179?
True
Is 8 a factor of 136404?
False
Is 781375 a multiple of 235?
True
Is 12540 a multiple of 33?
True
Does 69 divide 112608?
True
Is 343 a factor of 247989?
True
Is 309 a factor of 117111?
True
Does 57 divide 4838103?
True
Is 2615052 a multiple of 11?
True
Does 113 divide 37968?
True
Is 579278 a multiple of 7?
True
Is 18 a factor of 1359311?
False
Is 124 a factor of 60264?
True
Does 21 divide 31983?
True
Is 969 a factor of 2452539?
True
Is 243753 a multiple of 31?
True
Is 11 a factor of 9375092?
False
Is 3890797 a multiple of 971?
True
Does 65 divide 643723?
False
Is 150 a factor of 451650?
True
Does 12 divide 3933684?
True
Is 21 a factor of 285811?
False
Is 330046 even?
True
Is 13 a factor of 6448?
True
Is 3 a factor of 2349000?
True
Is 73124 a multiple of 202?
True
Does 4 divide 1476034?
False
Is 330493 a multiple of 211?
False
Is 23 a factor of 19075?
False
Is 676 a factor of 21276424?
True
Is 17 a factor of 151724?
False
Is 169 a factor of 1064531?
True
Is 130 a factor of 219830?
True
Does 44 divide 1939012?
False
Does 3 divide 7922?
False
Does 277 divide 1273369?
True
Does 948 divide 3549312?
True
Is 1029535 a multiple of 14?
False
Does 98 divide 1460?
False
Is 227290 a multiple of 14?
True
Is 15 a factor of 390120?
True
Does 48 divide 191459?
False
Is 22279018 a multiple of 62?
True
Is 2 a factor of 13394?
True
Does 19 divide 91143?
True
Is 4557105 a multiple of 207?
True
Is 84 a factor of 372876?
True
Is 130346 a multiple of 22?
False
Does 18 divide 2722415?
False
Is 5161917 a multiple of 266?
False
Is 18 a factor of 148458?
False
Does 289 divide 176279?
False
Is 26160 a multiple of 120?
True
Is 9 a factor of 258444?
True
Is 93 a factor of 528997?
False
Is 153 a factor of 824823?
True
Is 30 a factor of 35283?
False
Does 1129 divide 17807717?
True
Is 487188 a multiple of 347?
True
Is 90 a factor of 272648?
False
Is 6 a factor of 93277?
False
Is 16 a factor of 53966?
False
Is 920678 a multiple of 23?
False
Is 146000 a multiple of 25?
True
Is 10682658 a multiple of 1062?
True
Is 7 a factor of 160127?
False
Is 83 a factor of 6686480?
True
Is 492 a factor of 36851?
False
Is 6301080 a multiple of 23?
True
Is 9 a factor of 898218?
True
Is 21 a factor of 6245488?
False
Does 4 divide 1012512?
True
Is 530136 a multiple of 18?
True
Is 31725 a multiple of 15?
True
Does 14 divide 752598?
True
Is 18083300 a multiple of 26?
False
Does 46 divide 1805500?
True
Does 17 divide 325911?
False
Does 38 divide 1627934?
False
Is 3 a factor of 1071?
True
Is 2692970 a multiple of 238?
True
Does 90 divide 1661220?
True
Does 18 divide 7428132?
True
Does 84 divide 83555?
False
Is 5 a factor of 208780?
True
Does 138 divide 398514?
False
Does 60 divide 295083?
False
Is 171647 a multiple of 31?
True
Is 364 a factor of 778232?
True
Does 4 divide 16080?
True
Does 71 divide 1651544?
False
Is 197118 a multiple of 35?
False
Is 6 a factor of 33504?
True
Is 35 a factor of 9836536?
False
Is 18 a factor of 6489?
False
Does 16 divide 3237281?
False
Is 227585 a multiple of 22?
False
Does 6 divide 62129?
False
Does 1069 divide 82465?
False
Is 198 a factor of 32235?
False
Is 1819977 a multiple of 3?
True
Is 26 a factor of 938560?
False
Does 4 divide 1253653?
False
Is 1031139 a multiple of 733?
False
Is 1866996 a multiple of 4?
True
Does 347 divide 240818?
True
Is 98 a factor of 217560?
True
Does 8 divide 28360?
True
Does 28 divide 126578?
False
Is 2910369 a multiple of 9?
False
Does 31 divide 6142?
False
Is 1737945 a multiple of 1247?
False
Does 242 divide 796906?
True
Does 203 divide 1686615?
False
Is 174955 a multiple of 12?
False
Is 82086 a multiple of 23?
False
Is 15 a factor of 421035?
True
Is 99 a factor of 14422278?
False
Does 3 divide 173432?
False
Does 118 divide 2072895?
False
Is 8 a factor of 48080?
True
Does 12 divide 169224?
True
Does 8 divide 4631996?
False
Does 631 divide 962481?
False
Does 40 divide 695402?
False
Is 54350 a multiple of 25?
True
Does 5 divide 3024720?
True
Is 215 a factor of 4709360?
True
Does 4 divide 26544?
True
Is 1292 a factor of 7633231?
False
Is 7 a factor of 825312?
False
Does 1567 divide 17946851?
True
Is 9619403 a multiple of 24?
False
Is 693 a factor of 8006107?
False
Is 33033 a multiple of 4?
False
Does 212 divide 175536?
True
Is 97 a factor of 395760?
True
Is 7 a factor of 1359429?
False
Is 7 a factor of 6908?
False
Is 15 a factor of 541875?
True
Is 26 a factor of 688271?
False
Is 498725 a multiple of 407?
False
Is 68454 a multiple of 57?
False
Is 263764 a multiple of 47?
True
Is 10 a factor of 719776?
False
Is 8 a factor of 167209?
False
Is 36340 a multiple of 20?
True
Is 3304076 a multiple of 16?
False
Does 215 divide 9047845?
True
Is 22 a factor of 10466812?
False
Is 6418954 a multiple of 43?
True
Is 142176 a multiple of 150?
False
Does 8 divide 269269?
False
Is 15493971 a multiple of 93?
False
Is 604 a factor of 25368?
True
Does 116 divide 602156?
True
Is 1004078 a multiple of 34?
False
Does 13 divide 2247037?
True
Does 13 divide 2710461?
True
Does 77 divide 832?
False
Is 7 a factor of 191315?
False
Is 1777 a factor of 18994503?
False
Does 42 divide 382116?
True
Is 26520 a multiple of 104?
True
Is 28522 a multiple of 26?
True
Is 341738 a multiple of 17?
False
Is 65 a factor of 1988246?
False
Does 152 divide 281200?
True
Is 256130 a multiple of 65?
False
Does 31 divide 1257639?
True
Is 527613 a multiple of 95?
False
Does 98 divide 21657784?
False
Is 157 a factor of 581182?
False
Does 6 divide 934780?
False
Does 106 divide 114733?
False
Is 21 a factor of 240529?
False
Is 46686 a multiple of 4?
False
Does 224 divide 3404383?
False
Is 61942 a multiple of 40?
False
Is 94481 a multiple of 184?
False
Does 144 divide 892417?
False
Is 6724916 a multiple of 108?
False
Is 347671 a multiple of 35?
False
Does 8 divide 2856328?
True
Is 2422185 a multiple of 31?
True
Does 268 divide 185456?
True
Is 65336 a multiple of 4?
True
Is 125904 a multiple of 16?
True
Is 734 a factor of 2930?
False
Is 109 a factor of 12704059?
True
Is 38 a factor of 1253773?
False
Does 2 divide 13338?
True
Is 277251 a multiple of 350?
False
Is 6606088 a multiple of 13?
False
Is 315497 a multiple of 11?
False
Is 8 a factor of 132321?
False
Is 8082096 a multiple of 12?
True
Is 75 a factor of 1967400?
True
Is 117460 a multiple of 28?
True
Is 16125590 a multiple of 13?
True
Is 18 a factor of 2862344?
False
Does 12 divide 29886664?
False
Is 11 a factor of 1332232?
True
Is 60 a factor of 995169?
False
Is 15786040 a multiple of 231?
False
Is 24 a factor of 4645800?
True
Does 179 divide 2324852?
True
Does 31 divide 5848336?
True
Is 10445851 a multi